hat is the hundreds digit of s?
2
Let w = 10 - 18. Let n be 4/w - (-1215)/6. Suppose -3*h - 247 = -6*h + 5*r, -4*r = 3*h - n. What is the units digit of h?
4
Let d(x) = x**2 - 18*x + 1272. What is the thousands digit of d(50)?
2
Suppose 0 = -95*i - 92253 + 1435263 + 210905. What is the thousands digit of i?
6
Suppose -f + 647 = -399. Suppose l = -4*u + 2*l + f, -l + 788 = 3*u. What is the units digit of u?
2
Let m(s) = -s**2 + 17*s - 23. Let h be m(16). Let d(v) be the first derivative of -9*v**2/2 - 3*v + 27. What is the units digit of d(h)?
0
Suppose 191 = 6*g - 43. Let u = g + -39. Suppose 4*n = -4*w + 152, -3*w + 117 = -u*w + 4*n. What is the tens digit of w?
3
Let m be (5 - (12 + -5))/(-1). Suppose 761 = m*v - 1041. What is the tens digit of v?
0
Let x = -30 + 32. Suppose -2*i - 4*n + 2744 = 0, 4*i - 7960 = -x*n - 2460. What is the thousands digit of i?
1
Suppose 2*m = -5*r + 3062, 114*m - 111*m + 5*r - 4593 = 0. What is the thousands digit of m?
1
Suppose -10*h + 14*h - 6109 = 3*z, -h - 2*z = -1530. What is the hundreds digit of h?
5
What is the ten thousands digit of (2 - (-4)/(-3))/(1448/22955868)?
1
Suppose -q + 3*y - 3422 = -26215, -4*q + 91164 = -4*y. What is the thousands digit of q?
2
Suppose -5*n - 2*d - 1 = 0, -2*d + 12 = -4*n + 2*d. What is the units digit of (0 + (1 - 50))*(n - 8)?
1
Suppose -4*y + 8*y + 18 = 3*h, -4*y - 6 = -h. Let b(o) = 4 + 2 + o - 1. What is the units digit of b(h)?
1
Let q(f) = 2*f**2 - 18*f - 16. Let j(w) be the second derivative of 11*w**4/12 + w**3/2 - w**2/2 - 5*w. Let p be j(1). What is the units digit of q(p)?
8
Let j = 761 - 1220. Let z = j - -1259. What is the hundreds digit of z?
8
What is the hundreds digit of 15/(-20) - (-241007)/52?
6
Let u(g) = 3*g + 38. Let d be ((-6)/(-7))/((-24)/(-84)). Let t be -1 + -1 + d + -1. What is the tens digit of u(t)?
3
Suppose 0 = 8*t + 7 + 1. Let a(x) = 1 - 39*x - 1 + 1 - 6. What is the tens digit of a(t)?
3
Suppose 0 = -13*o + 43 + 74. Suppose -o + 6 = w, 3*w = 3*l - 1890. What is the tens digit of l?
2
Let f = 556 - -1208. What is the thousands digit of f?
1
Let d = -643 + 573. Let g = 206 - d. What is the hundreds digit of g?
2
Let t be 2/((-8)/(-2380)) - 0. Suppose -3*h - z = -t, 423 + 597 = 5*h - 4*z. What is the hundreds digit of (5/((-10)/3))/((-3)/h)?
1
Let g be (-26)/(-8) + (-9)/(-12). Suppose r - 18 = -g. Suppose r = 4*t - 118. What is the tens digit of t?
3
Let z = 3763 + -2074. What is the units digit of z?
9
Let d(r) = 251*r - 1694. What is the units digit of d(10)?
6
Let z = 31348 + -18094. What is the thousands digit of z?
3
Let o = 618 - 615. Let i(c) = 192*c + 61. What is the hundreds digit of i(o)?
6
Let z be (-29 + -7)/(3/44). Let v = -126 - z. What is the hundreds digit of v?
4
Suppose -299*i = -274*i - 180500. What is the tens digit of i?
2
What is the thousands digit of (45/(-25))/((-1)/26305)?
7
What is the hundreds digit of -32 + (-2340)/(-80) - (-245942)/8?
7
Let f(h) = 3*h - 41. Let m be f(22). Suppose 29*c - 2872 = m*c. What is the units digit of c?
8
Let a = 5136 - 1940. What is the units digit of a?
6
Let v = 2064 + 125. Suppose 2*q - v = 5*y, -5*q + 4*y + 0*y + 5464 = 0. What is the hundreds digit of q?
0
Suppose 0 = -3*i - q + 3049, 0 = -3*i - 4*q + 4082 - 1048. What is the units digit of i?
8
Let i = -512 + 553. Let c = i - -300. What is the tens digit of c?
4
Suppose 3*o = 4*o - 4*n - 1507, -4*n = 3*o - 4441. What is the tens digit of (138/(-115))/(-1 + o/1490)?
9
Let t = 303 + -298. Suppose 2924 = 3*a + t*n, -a + 952 = 24*n - 28*n. What is the units digit of a?
8
Let y(m) = -7*m - 28. Let z be y(-4). Suppose -2*i + z = 5*w + 9, w = 3*i + 5. What is the tens digit of 266/(-20)*-4 - i/(-10)?
5
Let u be (-96)/(-56)*14/4. Suppose -u*b + b + 230 = 0. Suppose 5*k - b = 739. What is the units digit of k?
7
Suppose 0 = 6*b - 21*b + 109155. What is the thousands digit of b?
7
Suppose 2*p = -3*l + 51, 3*p - 2 = 4*p - 4*l. What is the units digit of ((p/(-10))/3)/(1/(-5))?
3
Let n = -375 + 234. Suppose -5*a + m + 1209 = 0, -5*m = 82 - 62. Let w = n + a. What is the hundreds digit of w?
1
Suppose 2*c - 13*c + 66 = 0. Suppose -c*h = -136 + 22. Suppose 3*i = h + 29. What is the tens digit of i?
1
Let a = 81 + -78. Let k(h) = 37*h**2 - 15*h - 6. What is the tens digit of k(a)?
8
Suppose -3*v + 1 = -8, o - 5*v = -31. Let z(y) = 3*y**2 + 14*y - 41. What is the tens digit of z(o)?
0
Suppose 24*t = 19*t + 30. Suppose -2*z + 10 = t. Suppose -4*q - 64 - 10 = -3*s, 80 = 3*s + z*q. What is the tens digit of s?
2
Suppose 28*u + 71573 - 552148 = 162081. What is the hundreds digit of u?
9
Let h(q) be the third derivative of 2*q**5/5 + 3*q**4/8 + 10*q**3 + q**2 + 36*q. What is the thousands digit of h(-7)?
1
Let q(u) = -67*u + 15. Let o be q(-2). Let c = o - -586. What is the hundreds digit of c?
7
Suppose -3*v - 15 = -8*v. Suppose a + 239 = f, v*a - 455 = -5*f + 732. What is the tens digit of f?
3
Suppose -1033 = -4*n + q - 33, 4*q = -3*n + 731. What is the hundreds digit of n?
2
Let k(y) = 2661*y**2 - 561*y + 564. What is the units digit of k(1)?
4
Let j be ((30/8)/(-5))/(23/184). What is the hundreds digit of (-3772)/j - 3*6/(-54)?
6
Suppose -5*z = 8 - 183. What is the units digit of ((-2920)/z)/(6/(-21))?
2
Let o be 3 - (4 + 15/(-5)). Suppose -278 = -2*g - 4*n, -g - 4*n + 409 = o*g. Suppose -g = 3*w - 563. What is the units digit of w?
4
Let p = 41 + -86. Let s = 49 + p. Suppose -4*d = -y + 50, 2*d = -4*y + s*d + 228. What is the units digit of y?
8
Let m(x) be the second derivative of -x**5/20 - 19*x**4/6 - 7*x**3/6 - 55*x**2/2 - 37*x + 2. What is the units digit of m(-38)?
1
Let n = -30 - -112. Suppose -85*o + n*o + 609 = 0. What is the hundreds digit of (-9 - -7) + 1*o?
2
Let l(n) = 6*n - 19. Let r(q) = -7*q + 19. Let h(g) = 5*l(g) + 4*r(g). Let z be h(11). Suppose z*p + 602 = 10*p. What is the units digit of p?
6
Suppose 5*m = 3*m + 42. Let g(i) = 15*i + 30 - 42*i + 15*i + 16*i. What is the hundreds digit of g(m)?
1
Let c = 505 - 498. Let v = 8 + -8. Suppose v = 2*w + c*w - 1737. What is the tens digit of w?
9
Suppose 3*i - 9653 = 4*v, 4*v - 2*v + 9649 = 3*i. What is the tens digit of i?
1
Suppose -7*l - 654 = -l. Let h = 582 + l. What is the units digit of h?
3
Let f(a) = -a**3 + 81*a**2 - 121*a - 713. What is the tens digit of f(71)?
0
Let i = -34 + 38. Suppose 5*c = 3*l + 4, 0*c - c = i. Let k(w) = w**3 + 10*w**2 + 5*w + 10. What is the tens digit of k(l)?
9
Let b = 23 + -17. Suppose b*h - 11 - 1 = 0. Suppose -2*t = h + 2, -2*t = -d + 114. What is the tens digit of d?
1
Let i(m) = 202*m**3 + 4*m - 3. Let x = -236 - -237. What is the units digit of i(x)?
3
Let c = -1767 - -10198. What is the units digit of c?
1
Let k(r) = 3*r**2 + 12*r - 3. Let o(g) = 3*g**2 + 11*g - 3. Let n(t) = -4*k(t) + 5*o(t). Let x be n(-6). Suppose -x = 10*a - 833. What is the tens digit of a?
7
Let c(k) = -62*k**3 - 8*k**2 + 128*k + 33. What is the units digit of c(-9)?
1
Let f(w) = 238*w**2 + 29*w + 75. What is the tens digit of f(-3)?
3
Let n be -1 - (3246/(-10) - (-28)/(-70)). Let v = n + -84. Suppose -24*g = -26*g + v. What is the units digit of g?
0
Suppose -5*l = 5*s - 83050, -19*l + 21*l = 2*s - 33192. What is the thousands digit of s?
6
Suppose 6*l - 5*g = l + 15, 12 = -2*l - 4*g. Suppose t + 86 = -l*t - 3*v, 0 = -4*t + 4*v - 392. Let c = t + 180. What is the tens digit of c?
8
Let d(i) = -8*i - 26. Suppose -7 = 3*m + 5. Let b be d(m). Let v(s) = 4*s**2 - 5*s + 13. What is the tens digit of v(b)?
2
Suppose -2*k + 0 = 4, 0 = -2*g + 5*k + 22. Suppose 0*y + 738 = 2*y. Suppose 105 - y = -g*d. What is the units digit of d?
4
Let f(t) = t**3 - 13*t**2 - 42*t - 21. Let s be -3*1 + (33 - 13). What is the tens digit of f(s)?
2
Suppose 3*w = -0*w + 111. Suppose -w*v = -4491 - 21520. What is the tens digit of v?
0
Suppose -2*p - 3*k = -12, k = -p + 2*k + 6. Suppose -p*l + 92 = -2*l + 4*s, 2*l - s = 46. Suppose -l*z + 14*z = -243. What is the tens digit of z?
2
Let x be (-2)/(-6) + 2/(-6). Let b(i) = -i + i**2 - 2*i + 0*i + 2 + 54 + 2*i. What is the units digit of b(x)?
6
Suppose -226*l + 180747 + 4344536 - 512201 = 0. What is the hundreds digit of l?
7
Let g(s) = 4*s**3 + 6 + 0*s**3 - 9*s**2 - 2*s**3. Suppose v + 11*v - 609 + 537 = 0. What is the hundreds digit of g(v